*v - 28 = -v + b, 3*b = 15. Suppose 23*m = v*m - 240. What is the remainder when m is divided by 15?
9
Suppose -1322 = -4*n + 442. Suppose -z + 333 + 128 = -3*u, -z - u = -n. Calculate the remainder when z is divided by 7.
5
Let o be (-8)/(-32) + (-57)/(-12). Let z(h) = 12*h - 42. Calculate the remainder when 51 is divided by z(o).
15
Let i(k) = -5*k + 19. Let m be i(-5). Let p = m - -17. Suppose -4*l - 4*j = -128, -3*l + l = 5*j - p. What is the remainder when 130 is divided by l?
31
Let f be (-2 + 3/(-6))*(-12)/10. Let q be (f/2*1)/(57/6992). Suppose 4*s = -0*s + q. Calculate the remainder when 137 is divided by s.
45
Suppose 0 = 5*h - 4*h - 13. Suppose -4*q + 1708 = 3*q. Suppose 0 = -5*j + 5, -5*y = -j - q. What is the remainder when y is divided by h?
10
Let u be (-5 - -4)*(-11 - -2). Suppose 3*g - l = -6, -2*g - 2*l - u = 3. Calculate the remainder when (-115)/(-4) + g/(-12) is divided by 6.
5
Let b = 5327 - 5092. What is the remainder when b is divided by 118?
117
What is the remainder when 95 + 1*(8/36 + 2/(-9)) is divided by 28?
11
Suppose -b + 0*m + 17 = m, -5*b = -5*m - 125. What is the remainder when 6529 is divided by b?
19
Let l = 5302 - 3865. Calculate the remainder when l is divided by 479.
0
Suppose 6*n - 10*n + 52 = 0. Suppose 13 = 2*t + n. Suppose -5*g + 5*d + 70 = t, -2*g + 0*g - d = -34. Calculate the remainder when 59 is divided by g.
11
Suppose 58 = 10*l - 32. Let p(v) = 3*v**2 - 19*v + 27. What is the remainder when p(l) is divided by 53?
46
Let z(f) be the second derivative of f**3/6 + f**2/2 + 2*f. What is the remainder when (-1)/((-58)/348 + (-2)/(-36)) is divided by z(3)?
1
Suppose 36*g + 1432575 - 1432791 = 0. Let c(l) = l**3 + 7*l**2 + l - 8. Calculate the remainder when c(-6) is divided by g.
4
Suppose -3*u = -0*u - b - 197, 5*u + b = 315. Suppose -40*s + u = -36*s. What is the remainder when 92 is divided by s?
12
Suppose -3319 = -338*n + 813 + 3304. Calculate the remainder when 10/45 + 2606/18 is divided by n.
13
Let l = 106 - 74. Suppose 3*o + l = 4*o + 3*u, -3*u - 36 = -3*o. Let z = 19 - -28. What is the remainder when z is divided by o?
13
Let b = -626 + 656. Let w = 36 - 28. Suppose -18*i + 16*i = -w. Calculate the remainder when b is divided by i.
2
Suppose 0 = -21*y + 29*y. Suppose y = -5*a - 20, -4*b + 60 = -7*a + 4*a. Calculate the remainder when 42 is divided by b.
6
Suppose 4*s = -p + 449, 3*s - 187 = -p + 149. Calculate the remainder when s is divided by 45.
23
Suppose 99*g - 3*k = 104*g - 107, 2*k = -12. Calculate the remainder when 279 is divided by g.
4
Let f = -80 - -126. What is the remainder when (-86 - -95) + -5*(2 - 36) is divided by f?
41
Let c be (28/35)/((-8)/1340). Let k = c + 138. What is the remainder when 17 is divided by k?
1
Suppose 0 = -5*x + h + 62, -4*h + 5 + 11 = 2*x. Calculate the remainder when 46/(-345) + 1322/15 is divided by x.
4
Suppose -126 = -4*m + 2*m. Suppose -4*f - 335 = -5*x - 349, 4*x = f + 2. What is the remainder when m is divided by f?
3
Let a(c) = 2*c - 3. Let i(h) = -18*h + h**3 - 7 + 3*h**2 + 45 + 14*h**2 + 50*h + 1. Calculate the remainder when i(-15) is divided by a(3).
0
Suppose -l = -3*s + 46, -67*l + 69*l = -5*s + 84. What is the remainder when (2/(-5))/(2 - 542/270) is divided by s?
6
Let w = -57 + 90. Suppose -3*i + 139 = -2*z, -2*z = 9*i - 8*i - w. What is the remainder when i is divided by 11?
10
Suppose 121*q - 156515 - 118681 = -92*q. What is the remainder when q is divided by 37?
34
Let d(a) = 8*a**2 - 35*a - 624. Calculate the remainder when d(-15) is divided by 244.
237
Suppose 2*n - 1706 = 2*w, 3*w + 2767 = n + 1932. Calculate the remainder when n is divided by 44.
26
Let i = 14308 - 14010. Calculate the remainder when i is divided by 118.
62
Suppose -138 = -4*p - 2*g, -9*g = -4*g - 5. Suppose 32*h - p*h + 58 = 0. What is the remainder when h is divided by 17?
12
Suppose -3*l = -4*x + 10086, 2*l - 8296 = -5*x + 4300. What is the remainder when x is divided by 13?
11
Let l(s) = -9*s + 2. Let j(i) = -4*i**3 - 231*i**2 + 45*i - 475. What is the remainder when j(-58) is divided by l(-5)?
44
Suppose -23*r + 24*r = 3. Let w(b) = 29*b - 37. Let d(z) = -z**3 - z**2 + z + 13. What is the remainder when w(r) is divided by d(0)?
11
Suppose -3*x + 3*s + 21 = 0, -s - 13 = -4*x + 3. Suppose -l = -3*c - x*l + 118, -4*c = -5*l - 188. What is the remainder when 163 is divided by c?
37
Suppose 0 = -3*h + 2*m + 14, 4*h - 4*m + 3*m = 12. Let n(k) = 7*k**3 + 2*k - 4. Calculate the remainder when n(h) is divided by 21.
14
Suppose -h + 591 = -p + 5*p, 2*h = -5*p + 735. What is the remainder when p is divided by (11 + -31)*45/(-12)?
74
Suppose 3*k + 8 = -5*n, -3*n - 2 = k + 6. Suppose -122 = -k*p - 70. What is the remainder when p is divided by 5?
3
Suppose -3*d - 2*o + 105 = 0, 49 = d + o + 13. Let f = -191 - -195. Suppose 12*j - 288 = -f*j. What is the remainder when d is divided by j?
15
Let r be (-4 + 11)*2/(8/(-300)). Calculate the remainder when (-375)/r - (-1416)/7 is divided by 107.
96
Let k(s) = -10*s**3 + s**2. Let h = 76097 - 76085. What is the remainder when h is divided by k(-1)?
1
What is the remainder when 148 is divided by (-18 + (-19 + 4 - -30))/(9/(-12))?
0
Let c(y) = -56*y + 262. Let n(v) = 18*v - 87. Let p(m) = -4*c(m) - 11*n(m). Calculate the remainder when 116 is divided by p(4).
12
What is the remainder when (-66596)/3*(-303)/404 is divided by 10?
9
Suppose 0 = -3*d + 128 - 131. Calculate the remainder when 158 is divided by 1 - ((-93)/(-6))/(d/2).
30
Suppose 7*x - 10836 = -9667. Calculate the remainder when 702 is divided by x.
34
Let y be (-18)/81 - (-80)/36. Suppose -4*d + 0*d = 0. Suppose d = -y*c - c + 114. What is the remainder when 112 is divided by c?
36
Suppose 2*g + 4*f + 328 = 0, -3*f + 711 = -4*g - 0*f. Let c = 241 + g. What is the remainder when c is divided by 7?
4
Let g be (-27)/3*-6*(-4)/12. Calculate the remainder when 3/g - 16583/(-138) is divided by 10.
0
Let l = -131 + 206. Let g = 138 - l. Calculate the remainder when g is divided by 22.
19
Let s = 181 - 49. Let q = 254 - s. Calculate the remainder when q is divided by 46.
30
Let a = -1959 + 2032. Calculate the remainder when 655 is divided by a.
71
What is the remainder when (-65676)/24*(-2)/13 is divided by 80?
21
Let n(k) = -k**3 + 7*k**2 + 4*k + 1. Let y(d) = -6*d**3 - 40*d**2 - 49*d - 286. What is the remainder when y(-7) is divided by n(7)?
10
Suppose -2*v + 3*d = -19, 5*v - 2*v - 26 = 4*d. Let j be 414/2 - (3 + v + -2). Suppose -55*x + 52*x + j = 0. Calculate the remainder when x is divided by 10.
8
Let i(v) = -v**3 + 4*v**2 + v + 4. Let g be i(0). Let h(w) = 3*w + 6. What is the remainder when 40 is divided by h(g)?
4
Let p = -5297 - -8498. What is the remainder when p is divided by 15?
6
Suppose 7*s - 325 = 2*s. What is the remainder when s is divided by 4/14 - (75/150)/((-14)/524)?
8
Let i = 975 - 951. Calculate the remainder when 1170 is divided by i.
18
Let n(d) = 18*d**3 - d. Suppose -4*h - b = 4, -5*b + 30 = -3*h - 2*h. Let o be n(h). Let t = o + 212. What is the remainder when t is divided by 24?
22
Let s = 13618 - 13584. What is the remainder when s is divided by 18?
16
Suppose 3*g + 3*p - 58 = 197, -4*g + 389 = -3*p. Calculate the remainder when g is divided by (-1 - -4) + 102/6.
12
Suppose 5*l - 224 = l. Calculate the remainder when l is divided by 40/5 + 31 + (-11 - -8).
20
Let t = -241 + 304. Calculate the remainder when 0 - 2 - (-1 - 94) is divided by (-2)/(-14) - (-1503)/t.
21
Let b(j) = -734*j + 118. Let i be b(14). Calculate the remainder when 4/60*2 - i/90 is divided by 29.
26
Let y be (4/6 + 2)/((-8)/(-1476)). Let s = -176 + y. Calculate the remainder when s is divided by 46.
40
Let n(k) = 10*k + 3. Let r(d) = 19*d + 7. Let s(b) = -9*n(b) + 4*r(b). Suppose 0 = -4*y + 8*y + 4. What is the remainder when s(y) is divided by 4?
3
Let s(k) = 0*k - 2*k**2 - 4*k**3 - 4 + 3*k**3 - 3*k. Let f(j) = -j**3 - 28*j**2 + 76*j + 494. What is the remainder when s(-4) is divided by f(-30)?
12
Suppose 102 = -5*r + 892. Let b = 3006 - 2952. What is the remainder when r is divided by b?
50
What is the remainder when (12560/42 - (15 - (-963)/(-63)))*6 is divided by 106?
100
Let a = 76 + -70. Suppose a*s - 65 = 139. Calculate the remainder when 60 is divided by s.
26
Le